{"id":6,"date":"2020-06-17T01:21:26","date_gmt":"2020-06-16T23:21:26","guid":{"rendered":"https:\/\/www.olivierlange.com\/?page_id=6"},"modified":"2020-06-17T01:21:26","modified_gmt":"2020-06-16T23:21:26","slug":"bienvenue-chez-moi","status":"publish","type":"page","link":"https:\/\/olivierlange.com\/","title":{"rendered":"Bienvenue chez moi"},"content":{"rendered":"\n<p>Encore un blog? Et qui traite d&rsquo;informatique ? Oui, certainement. Je ne pr\u00e9tends rien \u00e0 travers ce blog. Je souhaite simplement partager ma passion, et mes connaissances et comp\u00e9tences \u00e0 travers ce site.<\/p>\n\n\n\n<p>Je l&rsquo;utiliserais pour y partager certaines d\u00e9couvertes, ou des exp\u00e9riences. J&rsquo;essayerais \u00e9galement d&rsquo;y mettre r\u00e9guli\u00e8rement un tutoriel ou autres cours de formation que j&rsquo;ai pu faire. A priori, ce ne sera que des tutoriel \u00e9crit. Mais qui sait, un jour peut \u00eatre je passerais a la vid\u00e9o ?<\/p>\n\n\n\n<p>Ok, c&rsquo;est bien beau, mais de quoi vais-je parler? A voir, selon mes actions du moment.  Mais je pense que je parlerais de:<\/p>\n\n\n\n<ul><li>S\u00e9curit\u00e9 informatique. Incluant, de mani\u00e8re non exhaustive, backup, haute disponibilit\u00e9s, s\u00e9curisation de ses mots de passes, etc&#8230;<\/li><li>Infrastructure. Cloud, on premise, virtualisation, Kubernetes, etc. Tout ce qui touche aux syst\u00e8mes<\/li><li>Network. Que l&rsquo;on parle de VPN, LAN, WAN, ou toutes autres solutions li\u00e9es au r\u00e9seaux. Certainement bas\u00e9 sur Mikrotik, mais qui sait, peut \u00eatre que je rajouterais quelques informations sur d&rsquo;autres constructeurs !<\/li><li>D\u00e9veloppement. Ce serait certainement la rubrique la moins remplie. Mais je vais tenter de mettre quelques trouvailles, et mes d\u00e9veloppements.<\/li><li>Divers. Cette rubrique incluera tout mes moments un peu Geek, avec mon imprimante 3D par exemple, ou autre.<\/li><\/ul>\n\n\n\n<p>Comme vous le voyez, ce sera un site g\u00e9n\u00e9raliste. Tout simplement parce que j&rsquo;ai un profil g\u00e9n\u00e9raliste! Et c&rsquo;est ce que je veux transmettre. On n&rsquo;est pas forc\u00e9ment oblig\u00e9 de se cantonner \u00e0 un seul et unique aspect de notre m\u00e9tier. J&rsquo;ai toujours pr\u00e9f\u00e9r\u00e9 \u00eatre polyvalent que sp\u00e9cialiste. C&rsquo;est un choix, et je l&rsquo;assume.<\/p>\n\n\n\n<p>Bref, assez de blabla. Bonne lecture. Ah, et ne vous attendez pas a avoir un joli design, ou autre. Si il y a un domaine ou je suis mauvais c&rsquo;est celui-la. J&rsquo;essayerais quand m\u00eame de vous trouver 1-2 images de temps en temps ;). Enjoy !<\/p>\n","protected":false},"excerpt":{"rendered":"<p>Encore un blog? Et qui traite d&rsquo;informatique ? Oui, certainement. Je ne pr\u00e9tends rien \u00e0 travers ce blog. Je souhaite simplement partager ma passion, et&#8230;<\/p>\n<div class=\"more-link-wrapper\"><a class=\"more-link\" href=\"https:\/\/olivierlange.com\/\">Continuer la lecture<span class=\"screen-reader-text\">Bienvenue chez moi<\/span><\/a><\/div>\n","protected":false},"author":1,"featured_media":0,"parent":0,"menu_order":0,"comment_status":"closed","ping_status":"closed","template":"","meta":[],"_links":{"self":[{"href":"https:\/\/olivierlange.com\/index.php\/wp-json\/wp\/v2\/pages\/6"}],"collection":[{"href":"https:\/\/olivierlange.com\/index.php\/wp-json\/wp\/v2\/pages"}],"about":[{"href":"https:\/\/olivierlange.com\/index.php\/wp-json\/wp\/v2\/types\/page"}],"author":[{"embeddable":true,"href":"https:\/\/olivierlange.com\/index.php\/wp-json\/wp\/v2\/users\/1"}],"replies":[{"embeddable":true,"href":"https:\/\/olivierlange.com\/index.php\/wp-json\/wp\/v2\/comments?post=6"}],"version-history":[{"count":1,"href":"https:\/\/olivierlange.com\/index.php\/wp-json\/wp\/v2\/pages\/6\/revisions"}],"predecessor-version":[{"id":7,"href":"https:\/\/olivierlange.com\/index.php\/wp-json\/wp\/v2\/pages\/6\/revisions\/7"}],"wp:attachment":[{"href":"https:\/\/olivierlange.com\/index.php\/wp-json\/wp\/v2\/media?parent=6"}],"curies":[{"name":"wp","href":"https:\/\/api.w.org\/{rel}","templated":true}]}}